{"version":"1.0","type":"rich","width":"560px","height":"140px","title":"Mit Gerd Kempermann \u00fcber Hirn und Bewegung - Macht Gehen uns kreativer, l\u00e4sst es uns besser lernen und kann es gar vor einer Demenz sch\u00fctzen?","url":"https:\/\/lob-des-gehens.de\/2021\/01\/14\/episode-7-mit-gerd-kempermann-ueber-gehirn-und-bewegung\/","author_name":"Lob des Gehens - \u00dcber das Gl\u00fcck, zu Fu\u00df weiter zu kommen","author_url":"https:\/\/lob-des-gehens.de","thumbnail_url":"https:\/\/lob-des-gehens.de\/wp-content\/uploads\/2020\/10\/LobDesGehens_3000x3000.png","html":"<iframe width=\"560px\" height=\"140px\" src=\"https:\/\/lob-des-gehens.de\/2021\/01\/14\/episode-7-mit-gerd-kempermann-ueber-gehirn-und-bewegung\/?standalonePlayer\"><\/iframe>"}

Mit Gerd Kempermann über Hirn und Bewegung - Macht Gehen uns kreativer, lässt es uns besser lernen und kann es gar vor einer Demenz schützen?

Lob des Gehens - Über das Glück, zu Fuß weiter zu kommen
